ivided by 14113.
3
Calculate the remainder when 68109 is divided by 48.
45
Calculate the remainder when 1796 is divided by 33.
14
What is the remainder when 9433 is divided by 76?
9
Calculate the remainder when 6833 is divided by 190.
183
What is the remainder when 33360 is divided by 3703?
33
Calculate the remainder when 20133 is divided by 138.
123
Calculate the remainder when 2203 is divided by 16.
11
Calculate the remainder when 224135 is divided by 3345.
20
Calculate the remainder when 36015 is divided by 24.
15
Calculate the remainder when 51009 is divided by 1702.
1651
Calculate the remainder when 13760 is divided by 430.
0
What is the remainder when 987 is divided by 604?
383
Calculate the remainder when 16052 is divided by 64.
52
What is the remainder when 307 is divided by 17?
1
Calculate the remainder when 3618423 is divided by 21.
18
What is the remainder when 1253149 is divided by 9?
7
What is the remainder when 172980 is divided by 102?
90
Calculate the remainder when 7273 is divided by 112.
105
What is the remainder when 13913 is divided by 13903?
10
Calculate the remainder when 5456 is divided by 454.
8
What is the remainder when 5546 is divided by 5513?
33
Calculate the remainder when 25317 is divided by 1571.
181
What is the remainder when 761 is divided by 59?
53
Calculate the remainder when 6670 is divided by 2205.
55
Calculate the remainder when 1800298 is divided by 25.
23
What is the remainder when 2522 is divided by 629?
6
What is the remainder when 4909 is divided by 528?
157
What is the remainder when 29467 is divided by 14?
11
Calculate the remainder when 39738 is divided by 5675.
13
What is the remainder when 279 is divided by 7?
6
Calculate the remainder when 2618 is divided by 84.
14
Calculate the remainder when 100936 is divided by 25233.
4
What is the remainder when 446173 is divided by 140?
133
What is the remainder when 504409 is divided by 1317?
1315
Calculate the remainder when 933 is divided by 165.
108
What is the remainder when 10311 is divided by 3413?
72
What is the remainder when 224254 is divided by 125?
4
Calculate the remainder when 16788 is divided by 16282.
506
Calculate the remainder when 25581 is divided by 27.
12
What is the remainder when 286878 is divided by 31875?
3
Calculate the remainder when 1586 is divided by 725.
136
What is the remainder when 4773 is divided by 89?
56
Calculate the remainder when 3893997 is divided by 354.
351
What is the remainder when 1647 is divided by 3?
0
Calculate the remainder when 20641 is divided by 20641.
0
Calculate the remainder when 1524 is divided by 153.
147
What is the remainder when 7014389 is divided by 59?
56
Calculate the remainder when 1103777 is divided by 482.
479
What is the remainder when 5581 is divided by 79?
51
Calculate the remainder when 84966 is divided by 452.
442
What is the remainder when 114218 is divided by 76?
66
What is the remainder when 5862 is divided by 5106?
756
What is the remainder when 197 is divided by 51?
44
Calculate the remainder when 2758 is divided by 23.
21
What is the remainder when 374268 is divided by 1104?
12
What is the remainder when 250499 is divided by 33?
29
Calculate the remainder when 354365 is divided by 33.
11
What is the remainder when 4629 is divided by 566?
101
Calculate the remainder when 2609 is divided by 20.
9
What is the remainder when 450842 is divided by 419?
417
What is the remainder when 22143 is divided by 78?
69
Calculate the remainder when 95455 is divided by 304.
303
Calculate the remainder when 127442 is divided by 42456.
74
What is the remainder when 610544 is divided by 195?
194
What is the remainder when 5242 is divided by 25?
17
Calculate the remainder when 13795 is divided by 2298.
7
Calculate the remainder when 4842 is divided by 15.
12
Calculate the remainder when 1933 is divided by 43.
41
What is the remainder when 622234 is divided by 207407?
13
What is the remainder when 4178 is divided by 153?
47
What is the remainder when 1212 is divided by 207?
177
Calculate the remainder when 423 is divided by 401.
22
Calculate the remainder when 1244 is divided by 90.
74
Calculate the remainder when 279436 is divided by 44.
36
What is the remainder when 135458 is divided by 691?
22
What is the remainder when 1803 is divided by 144?
75
Calculate the remainder when 1193 is divided by 65.
23
Calculate the remainder when 1169 is divided by 80.
49
What is the remainder when 48661 is divided by 56?
53
What is the remainder when 96121 is divided by 202?
171
Calculate the remainder when 1702 is divided by 128.
38
What is the remainder when 41300 is divided by 263?
9
What is the remainder when 6461 is divided by 271?
228
What is the remainder when 1512122 is divided by 11?
7
Calculate the remainder when 1678 is divided by 210.
208
Calculate the remainder when 5679 is divided by 342.
207
Calculate the remainder when 139901 is divided by 3039.
107
Calculate the remainder when 1052 is divided by 55.
7
Calculate the remainder when 1118962 is divided by 196.
194
What is the remainder when 12271 is divided by 61?
10
Calculate the remainder when 17418 is divided by 85.
78
What is the remainder when 2311503 is divided by 17?
13
What is the remainder when 6192 is divided by 159?
150
Calculate the remainder when 2763 is divided by 2750.
13
What is the remainder when 52697 is divided by 50?
47
What is the remainder when 3161 is divided by 399?
368
Calculate the remainder when 1438175 is divided by 14.
11
Calculate the remainder when 72050 is divided by 205.
95
Calculate the remainder when 38153 is divided by 105.
38
What is the remainder when 3000479 is divided by 470?
469
Calculate the remainder when 92458 is divided by 23111.
14
Calculate the remainder when 6729 is divided by 769.
577
Calculate the remainder when 77407 is divided by 241.
46
What is the remainder when 152985 is divided by 38244?
9
Calculate the remainder when 3756 is divided by 181.
136
Calculate the remainder when 17415 is divided by 77.
13
What is the remainder when 1251 is divided by 220?
151
What is the remainder when 1125918 is divided by 496?
494
Calculate the remainder when 68770 is divided by 631.
622
What is the remainder when 1192522 is divided by 1349?
6
What is the remainder when 2622 is divided by 102?
72
Calculate the remainder when 2952 is divided by 224.
40
Calculate the remainder when 12067 is divided by 11949.
118
What is the remainder when 26788 is divided by 338?
86
What is the remainder when 20740 is divided by 133?
125
Calculate the remainder when 100464 is divided by 27.
24
What is the remainder when 6746 is divided by 39?
38
Calculate the remainder when 30564 is divided by 51.
15
Calculate the remainder when 5639 is divided by 272.
199
What is the remainder when 36838 is divided by 36822?
16
Calculate the remainder when 858109 is divided by 55.
54
What is the remainder when 12415 is divided by 17?
5
What is the remainder when 7534 is divided by 176?
142
Calculate the remainder when 2468 is divided by 450.
218
Calculate the remainder when 21319 is divided by 1184.
7
What is the remainder when 328 is divided by 5?
3
What is the remainder when 253182 is divided by 8167?
5
Calculate the remainder when 101539 is divided by 261.
10
What is the remainder when 1745770 is divided by 7?
5
What is the remainder when 1120 is divided by 1036?
84
Calculate the remainder when 2259 is divided by 151.
145
What is the remainder when 21171 is divided by 659?
83
Calculate the remainder when 1619 is divided by 17.
4
Calculate the remainder when 108966 is divided by 8.
6
What is the remainder when 15607 is divided by 2995?
632
What is the remainder when 7099 is divided by 2355?
34
What is the remainder when 75162 is divided by 172?
170
Calculate the remainder when 100853 is divided by 256.
245
What is the remainder when 859 is divided by 555?
304
Calculate the remainder when 3381 is divided by 9.
6
Calculate the remainder when 608 is divided by 142.
40
What is the remainder when 18188 is divided by 2596?
16
Calculate the remainder when 24629 is divided by 8.
5
What is the remainder when 24914 is divided by 3558?
8
What is the remainder when 5971 is divided by 35?
21
What is the remainder when 325647 is divided by 23?
13
Calculate the 